{"version":"1.0","provider_name":"LILA \u2013 La Igualdad Lleva A\u2026 \u2013 C.P. EL VILLAR \u2013 Trubia (Oviedo) \u2013 24\/25","provider_url":"https:\/\/lila.valnaloneduca.com\/cpelvillar2425","author_name":"lila","author_url":"https:\/\/lila.valnaloneduca.com\/cpelvillar2425\/author\/lila\/","title":"Rapeando con Rosie la remachadora - LILA \u2013 La Igualdad Lleva A\u2026 \u2013 C.P. EL VILLAR \u2013 Trubia (Oviedo) \u2013 24\/25","type":"rich","width":600,"height":338,"html":"<blockquote class=\"wp-embedded-content\" data-secret=\"tCH3fRJJre\"><a href=\"https:\/\/lila.valnaloneduca.com\/cpelvillar2425\/2025\/02\/14\/rapeando-con-rosie-la-remachadora\/\">Rapeando con Rosie la remachadora<\/a><\/blockquote><iframe sandbox=\"allow-scripts\" security=\"restricted\" src=\"https:\/\/lila.valnaloneduca.com\/cpelvillar2425\/2025\/02\/14\/rapeando-con-rosie-la-remachadora\/embed\/#?secret=tCH3fRJJre\" width=\"600\" height=\"338\" title=\"\u00abRapeando con Rosie la remachadora\u00bb \u2014 LILA \u2013 La Igualdad Lleva A\u2026 \u2013 C.P. EL VILLAR \u2013 Trubia (Oviedo) \u2013 24\/25\" data-secret=\"tCH3fRJJre\" frameborder=\"0\" marginwidth=\"0\" marginheight=\"0\" scrolling=\"no\" class=\"wp-embedded-content\"><\/iframe><script>\n\/*! This file is auto-generated *\/\n!function(d,l){\"use strict\";l.querySelector&&d.addEventListener&&\"undefined\"!=typeof URL&&(d.wp=d.wp||{},d.wp.receiveEmbedMessage||(d.wp.receiveEmbedMessage=function(e){var t=e.data;if((t||t.secret||t.message||t.value)&&!\/[^a-zA-Z0-9]\/.test(t.secret)){for(var s,r,n,a=l.querySelectorAll('iframe[data-secret=\"'+t.secret+'\"]'),o=l.querySelectorAll('blockquote[data-secret=\"'+t.secret+'\"]'),c=new RegExp(\"^https?:$\",\"i\"),i=0;i<o.length;i++)o[i].style.display=\"none\";for(i=0;i<a.length;i++)s=a[i],e.source===s.contentWindow&&(s.removeAttribute(\"style\"),\"height\"===t.message?(1e3<(r=parseInt(t.value,10))?r=1e3:~~r<200&&(r=200),s.height=r):\"link\"===t.message&&(r=new URL(s.getAttribute(\"src\")),n=new URL(t.value),c.test(n.protocol))&&n.host===r.host&&l.activeElement===s&&(d.top.location.href=t.value))}},d.addEventListener(\"message\",d.wp.receiveEmbedMessage,!1),l.addEventListener(\"DOMContentLoaded\",function(){for(var e,t,s=l.querySelectorAll(\"iframe.wp-embedded-content\"),r=0;r<s.length;r++)(t=(e=s[r]).getAttribute(\"data-secret\"))||(t=Math.random().toString(36).substring(2,12),e.src+=\"#?secret=\"+t,e.setAttribute(\"data-secret\",t)),e.contentWindow.postMessage({message:\"ready\",secret:t},\"*\")},!1)))}(window,document);\n\/\/# sourceURL=https:\/\/lila.valnaloneduca.com\/cpelvillar2425\/wp-includes\/js\/wp-embed.min.js\n<\/script>\n","description":"Hoy recibimos la visita de Amara, que nos explic\u00f3 el origen del 8M, que no ten\u00edamos nada claro cu\u00e1l hab\u00eda sido su origen, ni porqu\u00e9 se celebraba ese d\u00eda. Adem\u00e1s conocimos qu\u00e9 hay detr\u00e1s del cartel de Rosie la Remachado y porqu\u00e9 se eligi\u00f3 como icono para revindicar la Igualdad. Amara nos propuso el reto &hellip; Continuar leyendo \"\"","thumbnail_url":"https:\/\/lila.valnaloneduca.com\/cpelvillar2425\/wp-content\/uploads\/sites\/50\/2025\/02\/IMG_8837.jpg","thumbnail_width":1024,"thumbnail_height":1365}

Hoy recibimos la visita de Amara, que nos explicó el origen del 8M, que no teníamos nada claro cuál había sido su origen, ni porqué se celebraba ese día. Además conocimos qué hay detrás del cartel de Rosie la Remachado y porqué se eligió como icono para revindicar la Igualdad. Amara nos propuso el reto &hellip; Continuar leyendo ""
