{"version":"1.0","provider_name":"LILA \u2013 La Igualdad Lleva A\u2026 \u2013 C.P. LORENZO NOVO MIER \u2013 23\/24","provider_url":"https:\/\/lila.valnaloneduca.com\/cplorenzonovomier-2324","author_name":"LILA \u2013 La Igualdad Lleva A\u2026 \u2013 C.P. LORENZO NOVO MIER \u2013 23\/24","author_url":"https:\/\/lila.valnaloneduca.com\/cplorenzonovomier-2324","title":"EL CUENTO \"ROSA CARAMELO\" - LILA \u2013 La Igualdad Lleva A\u2026 \u2013 C.P. LORENZO NOVO MIER \u2013 23\/24","type":"rich","width":600,"height":338,"html":"<blockquote class=\"wp-embedded-content\" data-secret=\"hcuzFaPB2o\"><a href=\"https:\/\/lila.valnaloneduca.com\/cplorenzonovomier-2324\/2024\/04\/10\/el-cuento-rosa-caramelo\/\">EL CUENTO \u00abROSA CARAMELO\u00bb<\/a><\/blockquote><iframe sandbox=\"allow-scripts\" security=\"restricted\" src=\"https:\/\/lila.valnaloneduca.com\/cplorenzonovomier-2324\/2024\/04\/10\/el-cuento-rosa-caramelo\/embed\/#?secret=hcuzFaPB2o\" width=\"600\" height=\"338\" title=\"\u00abEL CUENTO \u00abROSA CARAMELO\u00bb\u00bb \u2014 LILA \u2013 La Igualdad Lleva A\u2026 \u2013 C.P. LORENZO NOVO MIER \u2013 23\/24\" data-secret=\"hcuzFaPB2o\" frameborder=\"0\" marginwidth=\"0\" marginheight=\"0\" scrolling=\"no\" class=\"wp-embedded-content\"><\/iframe><script>\n\/*! This file is auto-generated *\/\n!function(d,l){\"use strict\";l.querySelector&&d.addEventListener&&\"undefined\"!=typeof URL&&(d.wp=d.wp||{},d.wp.receiveEmbedMessage||(d.wp.receiveEmbedMessage=function(e){var t=e.data;if((t||t.secret||t.message||t.value)&&!\/[^a-zA-Z0-9]\/.test(t.secret)){for(var s,r,n,a=l.querySelectorAll('iframe[data-secret=\"'+t.secret+'\"]'),o=l.querySelectorAll('blockquote[data-secret=\"'+t.secret+'\"]'),c=new RegExp(\"^https?:$\",\"i\"),i=0;i<o.length;i++)o[i].style.display=\"none\";for(i=0;i<a.length;i++)s=a[i],e.source===s.contentWindow&&(s.removeAttribute(\"style\"),\"height\"===t.message?(1e3<(r=parseInt(t.value,10))?r=1e3:~~r<200&&(r=200),s.height=r):\"link\"===t.message&&(r=new URL(s.getAttribute(\"src\")),n=new URL(t.value),c.test(n.protocol))&&n.host===r.host&&l.activeElement===s&&(d.top.location.href=t.value))}},d.addEventListener(\"message\",d.wp.receiveEmbedMessage,!1),l.addEventListener(\"DOMContentLoaded\",function(){for(var e,t,s=l.querySelectorAll(\"iframe.wp-embedded-content\"),r=0;r<s.length;r++)(t=(e=s[r]).getAttribute(\"data-secret\"))||(t=Math.random().toString(36).substring(2,12),e.src+=\"#?secret=\"+t,e.setAttribute(\"data-secret\",t)),e.contentWindow.postMessage({message:\"ready\",secret:t},\"*\")},!1)))}(window,document);\n\/\/# sourceURL=https:\/\/lila.valnaloneduca.com\/cplorenzonovomier-2324\/wp-includes\/js\/wp-embed.min.js\n<\/script>\n","description":"El alumnado de 4 a\u00f1os ha trabajado en clase el cuento \u00abRosa Caramelo\u00bb de Adela Tur\u00edn, un magn\u00edfico cuento que nos permite reflexionar sobre los roles de g\u00e9nero, la superficialidad de la imagen, los estereotipos o la clasificaci\u00f3n seg\u00fan el g\u00e9nero. Os dejamos una muestra de la actividad. \u00a0","thumbnail_url":"http:\/\/lila.valnaloneduca.com\/cplorenzonovomier-2324\/wp-content\/uploads\/sites\/42\/2024\/04\/20240202_093022-rotated-e1712749822317-1024x768.jpg"}

El alumnado de 4 años ha trabajado en clase el cuento «Rosa Caramelo» de Adela Turín, un magnífico cuento que nos permite reflexionar sobre los roles de género, la superficialidad de la imagen, los estereotipos o la clasificación según el género. Os dejamos una muestra de la actividad.
