{"version":"1.0","provider_name":"LILA - La Igualdad Lleva A... - C.P. VIRGEN DE LAS MAREAS - Avil\u00e9s - 21\/22","provider_url":"https:\/\/lila.valnaloneduca.com\/cpvirgendelasmareas2022","author_name":"LILA - La Igualdad Lleva A... - C.P. VIRGEN DE LAS MAREAS - Avil\u00e9s - 21\/22","author_url":"https:\/\/lila.valnaloneduca.com\/cpvirgendelasmareas2022","title":"8-M - LILA - La Igualdad Lleva A... - C.P. VIRGEN DE LAS MAREAS - Avil\u00e9s - 21\/22","type":"rich","width":600,"height":338,"html":"<blockquote class=\"wp-embedded-content\" data-secret=\"57SETQUkPR\"><a href=\"https:\/\/lila.valnaloneduca.com\/cpvirgendelasmareas2022\/2022\/05\/02\/8-m\/\">8-M<\/a><\/blockquote><iframe sandbox=\"allow-scripts\" security=\"restricted\" src=\"https:\/\/lila.valnaloneduca.com\/cpvirgendelasmareas2022\/2022\/05\/02\/8-m\/embed\/#?secret=57SETQUkPR\" width=\"600\" height=\"338\" title=\"\u00ab8-M\u00bb \u2014 LILA - La Igualdad Lleva A... - C.P. VIRGEN DE LAS MAREAS - Avil\u00e9s - 21\/22\" data-secret=\"57SETQUkPR\" frameborder=\"0\" marginwidth=\"0\" marginheight=\"0\" scrolling=\"no\" class=\"wp-embedded-content\"><\/iframe><script>\n\/*! This file is auto-generated *\/\n!function(d,l){\"use strict\";l.querySelector&&d.addEventListener&&\"undefined\"!=typeof URL&&(d.wp=d.wp||{},d.wp.receiveEmbedMessage||(d.wp.receiveEmbedMessage=function(e){var t=e.data;if((t||t.secret||t.message||t.value)&&!\/[^a-zA-Z0-9]\/.test(t.secret)){for(var s,r,n,a=l.querySelectorAll('iframe[data-secret=\"'+t.secret+'\"]'),o=l.querySelectorAll('blockquote[data-secret=\"'+t.secret+'\"]'),c=new RegExp(\"^https?:$\",\"i\"),i=0;i<o.length;i++)o[i].style.display=\"none\";for(i=0;i<a.length;i++)s=a[i],e.source===s.contentWindow&&(s.removeAttribute(\"style\"),\"height\"===t.message?(1e3<(r=parseInt(t.value,10))?r=1e3:~~r<200&&(r=200),s.height=r):\"link\"===t.message&&(r=new URL(s.getAttribute(\"src\")),n=new URL(t.value),c.test(n.protocol))&&n.host===r.host&&l.activeElement===s&&(d.top.location.href=t.value))}},d.addEventListener(\"message\",d.wp.receiveEmbedMessage,!1),l.addEventListener(\"DOMContentLoaded\",function(){for(var e,t,s=l.querySelectorAll(\"iframe.wp-embedded-content\"),r=0;r<s.length;r++)(t=(e=s[r]).getAttribute(\"data-secret\"))||(t=Math.random().toString(36).substring(2,12),e.src+=\"#?secret=\"+t,e.setAttribute(\"data-secret\",t)),e.contentWindow.postMessage({message:\"ready\",secret:t},\"*\")},!1)))}(window,document);\n\/\/# sourceURL=https:\/\/lila.valnaloneduca.com\/cpvirgendelasmareas2022\/wp-includes\/js\/wp-embed.min.js\n<\/script>\n","description":"Desde el C.P. Virgen de las Mareas no pod\u00edamos olvidar un d\u00eda tan importante. Para conmemoran este d\u00eda los alumnos hicieron una actividad muy interesante sobre mujeres de diferentes contextos, cient\u00edficas, astronautas, maestras, incluso alguna gitana, puesto que es algo que tienen en com\u00fan. Les propusimos el siguiente juego: ten\u00edan que leer la biograf\u00eda de &hellip; Continuar leyendo \"\"","thumbnail_url":"https:\/\/i2.wp.com\/lila.valnaloneduca.com\/cpvirgendelasmareas2022\/wp-content\/uploads\/sites\/20\/2022\/05\/6-rotated.jpg"}

LILA - La Igualdad Lleva A... - C.P. VIRGEN DE LAS MAREAS - Avilés - 21/22

8-M - LILA - La Igualdad Lleva A... - C.P. VIRGEN DE LAS MAREAS - Avilés - 21/22

<blockquote class="wp-embedded-content" data-secret="57SETQUkPR"><a href="https://lila.valnaloneduca.com/cpvirgendelasmareas2022/2022/05/02/8-m/">8-M</a></blockquote><iframe sandbox="allow-scripts" security="restricted" src="https://lila.valnaloneduca.com/cpvirgendelasmareas2022/2022/05/02/8-m/embed/#?secret=57SETQUkPR" width="600" height="338" title="«8-M» — LILA - La Igualdad Lleva A... - C.P. VIRGEN DE LAS MAREAS - Avilés - 21/22" data-secret="57SETQUkPR" frameborder="0" marginwidth="0" marginheight="0" scrolling="no" class="wp-embedded-content"></iframe><script>
/*! This file is auto-generated */
!function(d,l){"use strict";l.querySelector&&d.addEventListener&&"undefined"!=typeof URL&&(d.wp=d.wp||{},d.wp.receiveEmbedMessage||(d.wp.receiveEmbedMessage=function(e){var t=e.data;if((t||t.secret||t.message||t.value)&&!/[^a-zA-Z0-9]/.test(t.secret)){for(var s,r,n,a=l.querySelectorAll('iframe[data-secret="'+t.secret+'"]'),o=l.querySelectorAll('blockquote[data-secret="'+t.secret+'"]'),c=new RegExp("^https?:$","i"),i=0;i<o.length;i++)o[i].style.display="none";for(i=0;i<a.length;i++)s=a[i],e.source===s.contentWindow&&(s.removeAttribute("style"),"height"===t.message?(1e3<(r=parseInt(t.value,10))?r=1e3:~~r<200&&(r=200),s.height=r):"link"===t.message&&(r=new URL(s.getAttribute("src")),n=new URL(t.value),c.test(n.protocol))&&n.host===r.host&&l.activeElement===s&&(d.top.location.href=t.value))}},d.addEventListener("message",d.wp.receiveEmbedMessage,!1),l.addEventListener("DOMContentLoaded",function(){for(var e,t,s=l.querySelectorAll("iframe.wp-embedded-content"),r=0;r<s.length;r++)(t=(e=s[r]).getAttribute("data-secret"))||(t=Math.random().toString(36).substring(2,12),e.src+="#?secret="+t,e.setAttribute("data-secret",t)),e.contentWindow.postMessage({message:"ready",secret:t},"*")},!1)))}(window,document);
//# sourceURL=https://lila.valnaloneduca.com/cpvirgendelasmareas2022/wp-includes/js/wp-embed.min.js
</script>

Desde el C.P. Virgen de las Mareas no podíamos olvidar un día tan importante. Para conmemoran este día los alumnos hicieron una actividad muy interesante sobre mujeres de diferentes contextos, científicas, astronautas, maestras, incluso alguna gitana, puesto que es algo que tienen en común. Les propusimos el siguiente juego: tenían que leer la biografía de &hellip; Continuar leyendo ""
